te the remainder when 1567166 is divided by 313398.
176
Calculate the remainder when 106122 is divided by 20860.
1822
What is the remainder when 9817 is divided by 909?
727
Calculate the remainder when 529836 is divided by 132387.
288
Calculate the remainder when 247335987 is divided by 15.
12
What is the remainder when 2683825 is divided by 2828?
53
Calculate the remainder when 1406834 is divided by 553.
2
What is the remainder when 5783441 is divided by 3312?
689
Calculate the remainder when 2291651 is divided by 1145664.
323
Calculate the remainder when 459661 is divided by 41720.
741
What is the remainder when 24992453 is divided by 1482?
5
Calculate the remainder when 3009275 is divided by 33.
5
Calculate the remainder when 248600121 is divided by 79.
77
What is the remainder when 104125 is divided by 34437?
814
What is the remainder when 59998468 is divided by 41123?
11
Calculate the remainder when 148921 is divided by 795.
256
What is the remainder when 15248594 is divided by 17527?
104
What is the remainder when 284539 is divided by 9468?
499
Calculate the remainder when 126574 is divided by 396.
250
What is the remainder when 887462 is divided by 1568?
1542
What is the remainder when 21523 is divided by 122?
51
Calculate the remainder when 31498 is divided by 14865.
1768
Calculate the remainder when 17687415 is divided by 7158.
7155
Calculate the remainder when 159271 is divided by 19846.
503
What is the remainder when 9544029 is divided by 1570?
1569
Calculate the remainder when 6056654 is divided by 14.
2
Calculate the remainder when 22049 is divided by 14270.
7779
What is the remainder when 13821996 is divided by 3965?
6
What is the remainder when 8048790 is divided by 5745?
45
What is the remainder when 620134 is divided by 461?
89
What is the remainder when 21818419 is divided by 5141?
15
Calculate the remainder when 753588574 is divided by 4056.
4054
What is the remainder when 6237156 is divided by 1239?
30
Calculate the remainder when 29159 is divided by 6683.
2427
Calculate the remainder when 9824 is divided by 3269.
17
What is the remainder when 393727 is divided by 35792?
15
What is the remainder when 564505 is divided by 5116?
1745
Calculate the remainder when 53107 is divided by 3316.
51
Calculate the remainder when 61191 is divided by 2607.
1230
What is the remainder when 112912 is divided by 150?
112
What is the remainder when 76188 is divided by 10713?
1197
Calculate the remainder when 76528473 is divided by 1955.
1953
Calculate the remainder when 366189 is divided by 27.
15
Calculate the remainder when 938922962 is divided by 307.
302
Calculate the remainder when 37757217 is divided by 147489.
33
What is the remainder when 1504400 is divided by 148?
128
What is the remainder when 300182661 is divided by 1454?
1453
Calculate the remainder when 73662 is divided by 50.
12
Calculate the remainder when 1984919 is divided by 863.
19
Calculate the remainder when 3064730 is divided by 69650.
130
What is the remainder when 1071191 is divided by 26126?
25
What is the remainder when 546586 is divided by 28759?
165
Calculate the remainder when 462871 is divided by 10560.
8791
What is the remainder when 905656 is divided by 4742?
4676
What is the remainder when 10514909 is divided by 40?
29
Calculate the remainder when 67273 is divided by 109.
20
What is the remainder when 2735213 is divided by 683766?
149
What is the remainder when 81822644 is divided by 111?
104
Calculate the remainder when 1042603 is divided by 12.
7
Calculate the remainder when 3894302 is divided by 486745.
342
What is the remainder when 457099 is divided by 252?
223
Calculate the remainder when 2370645 is divided by 9.
0
Calculate the remainder when 836200 is divided by 209.
200
What is the remainder when 191292 is divided by 20792?
4164
What is the remainder when 786743 is divided by 393360?
23
Calculate the remainder when 5531398 is divided by 2520.
2518
Calculate the remainder when 9415775 is divided by 9717.
2
Calculate the remainder when 521750 is divided by 173897.
59
What is the remainder when 598887 is divided by 199530?
297
What is the remainder when 5912026 is divided by 8234?
14
Calculate the remainder when 11626546 is divided by 61.
7
Calculate the remainder when 141478 is divided by 442.
38
What is the remainder when 145500 is divided by 1427?
1373
What is the remainder when 7505236 is divided by 300209?
11
Calculate the remainder when 1663556 is divided by 259.
258
What is the remainder when 26527120 is divided by 926?
924
Calculate the remainder when 1615998 is divided by 148.
134
Calculate the remainder when 37861421 is divided by 740.
61
What is the remainder when 1776171 is divided by 53823?
12
Calculate the remainder when 15920693 is divided by 4.
1
What is the remainder when 116926863 is divided by 89?
87
Calculate the remainder when 5536357 is divided by 1724.
593
What is the remainder when 345490541 is divided by 1889?
1886
Calculate the remainder when 118703 is divided by 39529.
116
What is the remainder when 1961649 is divided by 1167?
1089
What is the remainder when 461044 is divided by 229526?
1992
What is the remainder when 624279 is divided by 107?
41
What is the remainder when 11859990 is divided by 2909?
2906
What is the remainder when 1854922 is divided by 463452?
1114
Calculate the remainder when 1456151 is divided by 7.
4
What is the remainder when 6607832 is divided by 429?
374
Calculate the remainder when 2184406 is divided by 30763.
233
Calculate the remainder when 28569 is divided by 6872.
1081
What is the remainder when 277930 is divided by 138914?
102
Calculate the remainder when 16608 is divided by 3313.
43
Calculate the remainder when 5621542 is divided by 218.
194
Calculate the remainder when 338147 is divided by 168.
131
What is the remainder when 118024323 is divided by 8430308?
11
What is the remainder when 1360186 is divided by 57?
52
Calculate the remainder when 31921703 is divided by 37.
27
What is the remainder when 338528 is divided by 17?
7
What is the remainder when 14540458 is divided by 1211?
1192
What is the remainder when 37219665 is divided by 386?
1
What is the remainder when 149810 is divided by 28?
10
Calculate the remainder when 7556859 is divided by 2363.
2348
What is the remainder when 3595309 is divided by 251?
236
What is the remainder when 338436 is divided by 42291?
108
Calculate the remainder when 2067500 is divided by 8760.
140
Calculate the remainder when 940452 is divided by 131.
3
What is the remainder when 130411549 is divided by 13878?
13861
What is the remainder when 7771502 is divided by 33789?
32
What is the remainder when 296343775 is divided by 3424?
3423
Calculate the remainder when 297063216 is divided by 61.
48
Calculate the remainder when 427661 is divided by 1061.
78
Calculate the remainder when 278116115 is divided by 5793.
5771
Calculate the remainder when 191783 is divided by 1042.
55
Calculate the remainder when 840962 is divided by 1196.
174
What is the remainder when 11580829 is divided by 45415?
4
What is the remainder when 18661518 is divided by 907?
900
What is the remainder when 15159666 is divided by 5053206?
48
Calculate the remainder when 3070124 is divided by 1953.
8
Calculate the remainder when 3130707 is divided by 23.
16
Calculate the remainder when 76601177 is divided by 683.
678
Calculate the remainder when 84249 is divided by 161.
46
Calculate the remainder when 2063870 is divided by 1377.
1124
What is the remainder when 1166418 is divided by 109?
9
Calculate the remainder when 47314641 is divided by 39103.
11
Calculate the remainder when 2448503 is divided by 1224243.
17
Calculate the remainder when 248393353 is divided by 1645.
1643
What is the remainder when 103676 is divided by 2033?
2026
What is the remainder when 4920355 is divided by 683?
23
What is the remainder when 15858 is divided by 998?
888
Calculate the remainder when 3473755 is divided by 26.
25
What is the remainder when 273064 is divided by 3792?
40
Calculate the remainder when 5685615 is divided by 1895165.
120
What is the remainder when 162138268 is divided by 138?
136
Calculate the remainder when 33767 is divided by 15667.
2433
Calculate the remainder when 745400 is divided by 6212.
